0 = -4*p + 3*a + 685515 - 103382. Is p prime?
True
Suppose 81*p + 106*p - 20*p = 246543269. Is p composite?
True
Suppose 167*b - 175*b = -16. Is 25/(-2)*4520/(-100) - b a composite number?
False
Let l(f) = 51 + 16 - 43*f + 4*f**2 + 19 + 0*f**2. Is l(35) composite?
True
Let z(m) = 46*m**3 + 19*m**2 - 34*m + 181. Is z(16) a prime number?
True
Let a be (-25)/10*(-12)/15*1. Suppose -4*z - 3*i - 15 = -9*z, a*i + 9 = 3*z. Suppose 4*t + 63 = u, 3*u + z*t - 292 = -2*u. Is u composite?
False
Suppose n - 9950 = r, -45300 = -5*n + 4*r + 4453. Is n prime?
False
Is 8505 - -12*(-9)/(-27) a prime number?
False
Let h be (-1 - -2)*(9 - 9). Suppose h = 11*k - k - 20660. Is k prime?
False
Suppose 15*l + 9*l - 720 = 0. Let n(m) = 402*m - 231. Is n(l) composite?
True
Let r(c) = 3778*c**2 - 1301*c + 14. Is r(-15) composite?
False
Let x(t) = 1303*t - 97. Let m(c) = 3*c**3 + 3*c**2 + 2*c + 6. Let s be m(0). Is x(s) composite?
True
Let v be 1/5 - 204/(-30). Let f be v + 3 + -4 + -3. Suppose -f*r + 5*y + 292 = 0, -5*r = 3*y + 107 - 537. Is r a prime number?
True
Suppose -4*p + 20 = 0, 5*o - 2*p - 612272 = 59803. Is o a prime number?
True
Let g(i) = -9664*i**3 - 53*i**2 - 105*i + 7. Is g(-2) a prime number?
True
Suppose -14*s + 26*s - 33*s + 13487901 = 0. Is s prime?
True
Suppose 0 = -2*g - c + 51, -36 = -3*g + c + 38. Suppose -30 = -30*y + g*y. Is 20576/56 + y/(-14) a prime number?
True
Let o be 30/(-90) - 2/(-6). Suppose -22*r + 7*r + 9495 = o. Is r a prime number?
False
Let p = 11216 - 7902. Is p a prime number?
False
Let k(z) be the second derivative of -245*z**3/2 + 16*z**2 + 146*z. Is k(-7) composite?
True
Suppose -293894 = -2*w + 4*g, w = 8*g - 3*g + 146938. Is w a prime number?
True
Suppose a + 2 = 8, 0 = -h + 5*a + 201733. Is h prime?
False
Let f(o) = 70*o**2 - 38*o + 665. Is f(17) composite?
False
Let y(v) = -v**2 + 47*v + 53. Let u be y(48). Suppose -x - 106483 = -u*s - 6163, 100345 = 5*s + 4*x. Is s prime?
False
Let n be (1 - 44/(-20))/((-1)/5). Is 15005/20 + ((-60)/n - 3) composite?
False
Suppose 494*o - 495*o + 4*s = -62655, -5*s - 313305 = -5*o. Is o a composite number?
True
Suppose 2*x + 15 = 5*x. Suppose -x*m + 13*m = 14776. Is m prime?
True
Let o = -157 + 156. Is (o + (-28570)/(-15))*3 composite?
False
Let a be (-2)/8 - (-13)/4. Suppose 3*i - 9901 = 2*d, -a*i + 2*d + 9905 = -2*d. Let g = i - 1294. Is g prime?
False
Let q be (-12)/18 + (-92)/18*-119913. Suppose 23*l + l = q. Is l a prime number?
True
Let o(k) = 2*k**3 + 18*k**2 - 4*k + 8. Let g be o(12). Let i = -3989 + g. Is i composite?
True
Is (34*(-2)/(-4))/(50/20950) a composite number?
True
Suppose 0 = -71*s + 857804 + 1762877. Is s a prime number?
False
Let m = 454 + -447. Is -5*m/((-35)/6187) a prime number?
False
Suppose -34*w = -137*w + 13711051. Is w a prime number?
True
Let w(n) = n**2 - 22*n + 161221. Is w(0) a prime number?
True
Is ((-1839840)/384)/(10/(-104)) prime?
False
Let d = -989 - -1852. Let z = d - 532. Is z a prime number?
True
Let q(m) = 4*m + 13. Let n be q(-2). Suppose -1497 = 5*k - 14007. Suppose 2*y + 3*y = -3*h + 4186, -n*h + k = 3*y. Is y prime?
True
Suppose 142009 = -13*j - 159809 + 2795335. Is j prime?
False
Suppose 14*w - 912703 = -289437. Is w a composite number?
False
Suppose -q + 15 = 3*b, -2*q + 18 = 3*b + 3. Suppose -b*i = -2*p - 115443, 6*i + p - 69268 = 3*i. Is i composite?
True
Suppose 5*d = 6*d - 2*c - 872, 2*d + 5*c - 1699 = 0. Is d a composite number?
True
Let j = 84484 - 59607. Is j composite?
False
Let o be (-4)/9 - 4/(-9) - -2. Let i(m) = 175*m**3 - m**2 - 4*m - 3. Is i(o) a composite number?
True
Suppose -16126 = -18*r + 15536. Let y = r - -694. Is y a composite number?
True
Let z(u) = -10*u**2 - 24*u - 3. Let d(i) = i**2. Let j(c) = 6*d(c) - z(c). Is j(11) a composite number?
False
Suppose u = 4*u + 2*d - 51, 0 = -2*u + 5*d + 15. Is 5/u - (-2 - 5560/6) a composite number?
False
Let v be ((-1076)/(-6))/(2/6). Let b be (-4011)/14 + 3/(-6). Let x = v + b. Is x composite?
False
Suppose -10*o = -618873 - 375657. Suppose 21*y - o = 279030. Is y a prime number?
False
Let t be -1 + 8 + 12/(20/(-5)). Suppose t*x = -7*x + 66. Is ((-2224)/(-3) + -2)*9/x composite?
False
Let r be -1*1*(-3 + 1). Suppose -24*q = 72*q - 45216. Suppose -476 = -2*a - r*m, -m + q = 2*a - 4*m. Is a a composite number?
True
Let b be 1057 - (-4 + 8 + -2). Suppose -73*r + 72*r + b = 0. Is r a composite number?
True
Suppose p = -7957 + 890. Let x = -3864 - p. Is x a prime number?
True
Suppose 11*d - 15*d + 2*l + 2910 = 0, -2*d - 2*l + 1440 = 0. Suppose -4*s - s = -d. Is s composite?
True
Let j(n) = -49*n**3 - 2*n**2 - 64*n - 538. Is j(-13) composite?
False
Suppose -40*d + 5455094 = -5397160 - 1090666. Is d a prime number?
False
Suppose -8*s + 33 = 9. Suppose 0 = o + s*d - 92, -d + 53 = o - 29. Is o a composite number?
True
Suppose 0 = -21*m + 22*m. Suppose -3*y + 19336 - 775 = m. Is y a composite number?
True
Suppose 0 = 2*a - 4*u + 318, -2*u - u = 5*a + 730. Let y = 1583 - a. Suppose -l = -4*h - 5*l + 6976, h - 3*l = y. Is h a prime number?
True
Let a = -18506 + 75147. Is a prime?
False
Is (2/(4 + -2))/(7/179851) composite?
False
Let n = -19 - -17. Is 5/(1/n + 483/938) a composite number?
True
Suppose 0 = -2*u + t + 181919, u + 6*t = 7*t + 90958. Is u composite?
True
Let l(x) = 1267*x**2 + 7*x + 79. Is l(-9) composite?
False
Let b = 20872 - 19914. Is b prime?
False
Suppose -66*t + 2963888 + 897244 = 0. Is t composite?
True
Let j(f) = -2221*f**3 + 5*f**2 + 5*f + 1. Let u be j(-2). Is (25/(-30))/5 - u/(-6) a composite number?
False
Let l = -38 + 67. Suppose 2*y - 8891 = -5*z, -l*z + 34*z - 2*y = 8899. Is z composite?
True
Let v(d) be the third derivative of -19*d**6/40 + d**5/30 + d**4/3 + 5*d**3/6 + 13*d**2 + 3. Is v(-3) composite?
True
Let k be (-5)/(5*1/(-5)). Let n(s) = 465*s**2 + s - 1. Let y be n(3). Suppose -w - 2*w - 4199 = -5*v, -k*v + y = w. Is v a prime number?
False
Let b = -663900 + 954395. Is b a prime number?
False
Is 3/(34999047/(-1458297) + 24) prime?
True
Is (6977 - 11) + ((-55)/(-22))/(2/4) composite?
False
Is -1 + -18 + 135698 + 214 prime?
True
Suppose 5*b - 1938687 + 1558533 - 2412881 = 0. Is b a prime number?
False
Let t(y) = -94*y - 27. Let m be ((-4)/(-8))/(-3 + 226/76). Is t(m) a composite number?
False
Let a(u) = 41*u - 25. Let c be a(-11). Let b = c - -1370. Suppose 0 = -5*i + 3*i + b. Is i a composite number?
True
Let j(f) = -f**3 - 9*f**2 - 9*f + 8. Let z be j(-6). Let m = z + 66. Let s = 435 - m. Is s a prime number?
False
Let w = -1144 + 2140. Suppose w = 4*u - 92. Suppose -h = -u - 114. Is h a prime number?
False
Suppose -5*u - 1433 = 2*y, -3*y = 2*u + 775 - 193. Let s = u - -404. Is s a composite number?
True
Suppose -94*u - 47*u + 10*u = -994421. Is u prime?
True
Suppose 2*b - 19514 = 3*j, 3*j + 48803 = 2*b + 3*b. Suppose -1953 = -r - 4*x, -4*r - 1966 = x - b. Is r a composite number?
False
Is ((-69)/(-276))/((-6)/(-57875496)) a composite number?
True
Let y be -4 + (21/6 + -4)*-20. Is ((-114)/18 + y)*(-1 - 25058) prime?
True
Let g be (0/3 - 4) + 7. Suppose -g*o + 0*o = -12, 5*o - 28 = -2*m. Suppose 0 = -m*f + 219 + 289. Is f prime?
True
Let q be (-2)/(2 + 1045/(-520)). Suppose 0 = -q*b + 194*b + 36554. Is b a composite number?
True
Let h(u) = 13*u**2 + 31. Let l(v) = -7*v**2 - v - 15. Let c(s) = -4*h(s) - 10*l(s). Is c(9) composite?
True
Let z(v) = v**3 - 6*v**2 + 3. Let a be z(5). Let n be 4473/81 - (-1 + a/(-18)). Suppose -50*k = -n*k + 845. Is k prime?
False
Suppose 2*t - 42 = 4. Suppose t*j - 50*j + 36747 = 0. Is j a prime number?
True
Is -19 + (-1 - 22) + 237743 a prime number?
True
Let i(z) = 47*z**2 - 472*z + 335. Is i(84) a composite number?
False
Let h = -311629 + 548042. Is h composite?
True
Let l(u) = u**3 + 7*u**2 - 3*u - 7. Let b be l(-7). Suppose -7*o + 28 = -b. Is 59*o + (4 + -9)/(-5) prime?
False
Let d = -7190 - -19143. Is d a composite number?
False
Let t(c) = 4*c + 17. Let u be t(-4). Is ((-23663)/(-6) - u) + 2/12 a prime number?
True
Let w be ((-180)/54)/(4/(-6)). Suppose -2786 = -w*j + 2*x, -3*x - 498 = -j + 67. Suppose -4*y = -4464 - j. Is y a composite number?
True
Let c(m) be the third derivative of -253*m**6/120 - m**5/60 + m**4/4 - 7*m**3/2 + 24*m**2 - 3. Is c(-5) a prime number?
False
Is (-1185279)/(-19) - ((-7 - -3) + (-156)/(-38)